?
1
What is the tens digit of 440?
4
What is the thousands digit of 1160?
1
What is the units digit of 553?
3
What is the units digit of 2101?
1
What is the hundreds digit of 524?
5
What is the hundreds digit of 465?
4
What is the units digit of 9919?
9
What is the hundreds digit of 8291?
2
What is the thousands digit of 2298?
2
What is the units digit of 213?
3
What is the units digit of 4337?
7
What is the tens digit of 1855?
5
What is the thousands digit of 4477?
4
What is the ten thousands digit of 20855?
2
What is the thousands digit of 2393?
2
What is the thousands digit of 14852?
4
What is the units digit of 2850?
0
What is the tens digit of 43752?
5
What is the thousands digit of 90902?
0
What is the thousands digit of 33193?
3
What is the ten thousands digit of 124481?
2
What is the units digit of 2289?
9
What is the tens digit of 53?
5
What is the hundreds digit of 809?
8
What is the tens digit of 65868?
6
What is the thousands digit of 42418?
2
What is the ten thousands digit of 80140?
8
What is the thousands digit of 23787?
3
What is the tens digit of 29211?
1
What is the thousands digit of 1091?
1
What is the units digit of 1081?
1
What is the thousands digit of 8293?
8
What is the tens digit of 941?
4
What is the thousands digit of 2987?
2
What is the hundreds digit of 9539?
5
What is the ten thousands digit of 149725?
4
What is the hundreds digit of 299?
2
What is the ten thousands digit of 16228?
1
What is the thousands digit of 1758?
1
What is the units digit of 13064?
4
What is the units digit of 18749?
9
What is the tens digit of 2989?
8
What is the tens digit of 3266?
6
What is the ten thousands digit of 31757?
3
What is the units digit of 4729?
9
What is the tens digit of 839?
3
What is the units digit of 2812?
2
What is the hundreds digit of 50545?
5
What is the hundreds digit of 519?
5
What is the thousands digit of 7022?
7
What is the hundreds digit of 1642?
6
What is the thousands digit of 142466?
2
What is the hundreds digit of 3947?
9
What is the units digit of 100869?
9
What is the tens digit of 710?
1
What is the tens digit of 1341?
4
What is the hundreds digit of 19426?
4
What is the hundreds digit of 40466?
4
What is the hundreds digit of 569?
5
What is the tens digit of 26016?
1
What is the thousands digit of 75012?
5
What is the units digit of 13347?
7
What is the tens digit of 97?
9
What is the thousands digit of 8701?
8
What is the ten thousands digit of 29191?
2
What is the thousands digit of 58330?
8
What is the ten thousands digit of 12310?
1
What is the units digit of 5379?
9
What is the thousands digit of 2264?
2
What is the units digit of 10?
0
What is the units digit of 1183?
3
What is the hundreds digit of 2445?
4
What is the hundreds digit of 4844?
8
What is the units digit of 8723?
3
What is the units digit of 2994?
4
What is the hundreds digit of 6647?
6
What is the tens digit of 280?
8
What is the hundreds digit of 915?
9
What is the hundred thousands digit of 160856?
1
What is the units digit of 148?
8
What is the units digit of 3960?
0
What is the tens digit of 1821?
2
What is the hundreds digit of 19595?
5
What is the hundreds digit of 558?
5
What is the tens digit of 6784?
8
What is the thousands digit of 2997?
2
What is the hundreds digit of 1469?
4
What is the hundreds digit of 6474?
4
What is the tens digit of 293?
9
What is the tens digit of 1629?
2
What is the units digit of 82939?
9
What is the thousands digit of 7052?
7
What is the hundreds digit of 17120?
1
What is the thousands digit of 27102?
7
What is the tens digit of 647?
4
What is the ten thousands digit of 17925?
1
What is the units digit of 106?
6
What is the tens digit of 7559?
5
What is the hundreds digit of 1118?
1
What is the tens digit of 1319?
1
What is the tens digit of 1084?
8
What is the tens digit of 57979?
7
What is the hundreds digit of 2755?
7
What is the thousands digit of 6102?
6
What is the thousands digit of 5665?
5
What is the thousands digit of 98507?
8
What is the hundreds digit of 4040?
0
What is the hundreds digit of 57216?
2
What is the units digit of 5246?
6
What is the thousands digit of 49872?
9
What is the hundreds digit of 179?
1
What is the tens digit of 159191?
9
What is the tens digit of 409?
0
What is the hundreds digit of 11785?
7
What is the units digit of 2318?
8
What is the hundreds digit of 76409?
4
What is the ten thousands digit of 35266?
3
What is the ten thousands digit of 13668?
1
What is the units digit of 32595?
5
What is the ten thousands digit of 155558?
5
What is the thousands digit of 9315?
9
What is the ten thousands digit of 14228?
1
What is the hundreds digit of 924?
9
What is the hundreds digit of 16253?
2
What is the units digit of 84?
4
What is the units digit of 4213?
3
What is the hundred thousands digit of 164255?
1
What is the hundreds digit of 15726?
7
What is the thousands digit of 1255?
1
What is the ten thousands digit of 25305?
2
What is the tens digit of 4238?
3
What is the hundreds digit of 970?
9
What is the units digit of 1647?
7
What is the hundreds digit of 2266?
2
What is the ten thousands digit of 26268?
2
What is the units digit of 7?
7
What is the hundreds digit of 8219?
2
What is the tens digit of 39102?
0
What is the tens digit of 474?
7
What is the hundreds digit of 1793?
7
What is the tens digit of 1085?
8
What is the units digit of 7392?
2
What is the units digit of 14517?
7
What is the units digit of 84?
4
What is the units digit of 6223?
3
What is the ten thousands digit of 35211?
3
What is the units digit of 3256?
6
What is the units digit of 374?
4
What is the hundreds digit of 9728?
7
What is the tens digit of 45671?
7
What is the units digit of 1575?
5
What is the thousands digit of 5711?
5
What is the units digit of 5911?
1
What is the ten thousands digit of 30252?
3
What is the tens digit of 172?
7
What is the ten thousands digit of 10707?
1
What is the tens digit of 1473?
7
What is the thousands digit of 2209?
2
What is the units digit of 30174?
4
What is the thousands digit of 5566?
5
What is the units digit of 933?
3
What is the thousands digit of 2061?
2
What is the thousands digit of 18052?
8
What is the hundreds digit of 2607?
6
What is the hundreds digit of 948?
9
What is the hundreds digit of 318?
3
What is the hundreds digit of 417?
4
What is the thousands digit of 6548?
6
What is the tens digit of 56?
5
What is the thousands digit of 2594?
2
What is the tens digit of 1283?
8
What is the units digit of 2323?
3
What is the units digit of 24739?
9
What is the units digit of 2162?
2
What is the units digit of 59445?
5
What is the units digit of 45185?
5
What is the tens digit of 4371?
7
What is the units digit of 411?
1
What is the thousands digit of 10696?
0
What is the hundreds digit of 3902?
9
What is the units digit of 914?
4
What is the hundreds digit of 95102?
1
What is the hundreds digit of 1251?
2
What is the tens digit of 3637?
3
What is the thousands digit of 97841?
7
What is the ten thousands digit of 10739?
1
What is the hundreds digit of 540?
5
What is the tens digit of 655?
5
What is the hundreds digit of 9807?
8
What is the hundreds digit of 29454?
4
What is the thousands digit of 5480?
5
What is the tens digit of 2212?
1
What is the hundreds digit of 2411?
4
What is the units digit of 7612?
2
What is the thousands digit of 1873?
1
What is the units digit of 23308?
8
What is the units digit of 60297?
7
What is the units digit of 5790?
0
What is the hundreds digit of 1472?
4
What is the thousands digit of 4893?
4
What is the ten thousands digit of 48411?
4
What is the hundreds digit of 1528?
5
What is the hundreds digit of 29320?
3
What is the tens digit of 1489?
8
What is the hundreds digit of 6480?
4
What is the units digit of 5698?
8
What is the hundreds digit of 3973?
9
What is the thousands digit of 1421?
1
What is the thousands digit of 4642?
4
What is the units digit of 10756?
6
What is the hundreds digit of 2083?
0
What is the units digit of 290?
0
What is the hundreds digit of 37289?
2
What is the tens digit of 13237?
3
What is the tens digit of 58435?
3
What is the thousands digit of 1045?
1
What is the tens digit of 42833?
3
What is the units digit of 712?
2
What is the hundreds digit of 6655?
6
What is the 